n divisor of c and n?
7
Suppose -161*v - 170*v + 1442 = -324*v. Calculate the greatest common divisor of v and 22.
2
Let g be (6291/(-233))/(11/12 + -1). Calculate the highest common divisor of 36 and g.
36
Suppose p - 4*g - 2082 = 0, -8283 = 281*p - 285*p + g. Calculate the greatest common factor of 105 and p.
15
Suppose -5*k - 3 = -33. Let u(w) be the first derivative of w**3/3 + w**2/2 - 10*w + 47. Let s be u(k). What is the greatest common factor of s and 32?
32
Let d = 20 + -29. Let q = -5 - d. Suppose -5*i - 3*k = -26, -2*i - 5*k + 27 = 9. Calculate the highest common divisor of i and q.
4
Suppose -2237 = 106*j - 16547. Calculate the highest common divisor of j and 864.
27
Let p be (20475/(-91))/(0 - 1). What is the greatest common factor of p and 10575?
225
Suppose 3*y = -5*g + 7, 16 = 2*g - 41*y + 40*y. What is the greatest common divisor of g and 1730?
5
Suppose -1506 = 12*g - 10686. Suppose -6*j + 9*j + g = 3*u, 5*j = 2*u - 516. Let s be 140/6 - (-1)/(-3). What is the highest common factor of u and s?
23
Suppose 93*o - 18 = 90*o. Suppose 2*j - 96 = -2*a, -a - 4*j + 7 = -32. Let v = a + -45. Calculate the highest common divisor of o and v.
6
Suppose -5*p + 670 = 5*f, 5*p - 3*f - 341 = 313. Calculate the highest common factor of p and 4092.
132
Suppose 3*r + 69 - 516 = -3*a, 4*a - 137 = -r. What is the highest common divisor of r and 2907?
153
Suppose -6*k + 3*k - 3*j = -9, -4*j + 12 = 0. Suppose 33*a = -22*a + 330. Suppose k = 5*n + a - 166. Calculate the greatest common divisor of 256 and n.
32
Let j be (-143 + -549)*2/(-8). What is the highest common divisor of 13667 and j?
173
Suppose 3*j - 415 = -s + 2*s, -5*s - 419 = -3*j. What is the greatest common factor of 24 and j?
6
Let g(i) = -i**2 + 9*i - 9. Let s be g(6). Suppose 32*o - 4*y + 99 = 35*o, 0 = -2*o - 2*y + 66. What is the greatest common factor of s and o?
3
Suppose -7738 = -2*s - 2*g, -44*s + 48*s - 5*g - 15485 = 0. What is the highest common divisor of s and 45?
45
Suppose 4*p - 3*p - 30 = 0. Suppose 3*n - 66 = 6*y, 601*n = 598*n + 5*y + 73. Calculate the highest common factor of n and p.
6
Suppose 53*j - 196 = 2348. Suppose 0 = -4*b - 16, 5*z = 7*b - 3*b + 256. What is the highest common divisor of j and z?
48
Let x = 71 + -39. Let r be ((-144)/15)/((-3)/(-420)*4). Let a be ((-3)/2*2)/(21/r). What is the highest common factor of a and x?
16
Suppose 208*j + 232 = 266*j. Calculate the greatest common divisor of 2308 and j.
4
Let n be 1/(-4)*4*-5. Suppose 3*a - 6*a + 82 = n*h, 154 = 5*a + 4*h. What is the highest common factor of 68 and a?
34
Suppose 190*k - 220*k = -8804 - 1756. What is the highest common factor of k and 196?
4
Suppose -r - 2*i = -113, 5*i + 4 + 116 = r. Let n = r + -107. Let g be (-1586)/(-18) + (-3)/27. Calculate the highest common divisor of g and n.
8
Let t(j) = -2302*j - 112. Let q be t(-3). What is the greatest common factor of 43 and q?
43
Let r be (32/(-3))/(4/(-6)). Let y = 47 + -7. Suppose -37*m - y = -38*m. Calculate the highest common factor of r and m.
8
Let d(c) = -c**2 + 15*c - 25. Suppose -51*x + 57*x - 72 = 0. Let z be d(x). Let n = -170 - -291. What is the greatest common divisor of z and n?
11
Suppose 234*c - 14 = 227*c. Suppose -16*l - 20 = -20*l, 49 = 3*u + 5*l. What is the greatest common divisor of u and c?
2
Let n be (-31 + (-1 - 3))*(-27)/45. Suppose -4*r - 196 = -5*r. What is the highest common factor of n and r?
7
Let w = 206 + -194. Let h be (-8)/(-2) + (-544)/(-2). Calculate the greatest common divisor of w and h.
12
Suppose -2*s - 136*n = -131*n - 346, -3*n = 2*s - 354. Calculate the greatest common factor of s and 305.
61
Suppose 5*r + 17 = -4*d, 3*d - 8 = 5*r - 12. Let k be d + 1 + 2 - 1050/(-35). Calculate the greatest common divisor of k and 12.
6
Let g = 26 + -21. Suppose -3*j - 4*u = 113 - 316, g*j - 3*u = 377. Let p = j + -44. What is the greatest common factor of 116 and p?
29
Let k = 147 - 144. Suppose -x + 34 = -k*i, 5*x + 14*i = 15*i + 114. What is the greatest common divisor of x and 352?
22
Let x(l) = 45*l**3 - 6*l**2 - 17*l + 33. Let s be x(3). What is the highest common divisor of 635 and s?
127
Suppose w - 40 = 5*f - w, -40 = 5*f + 3*w. Let i be (-17)/(-68) + (-2590)/f. Let k be (3/4)/((1 + 2)/i). Calculate the greatest common factor of 9 and k.
9
Let t(s) = -9*s + 10. Let c be t(6). Let z = c + 5. Let r be z/(-7) + (-12)/(-28). Calculate the highest common factor of 2 and r.
2
Suppose 4*y = 455 + 245. Suppose 0 = 6*a - a - y. Suppose a*v - 78 = 32*v. What is the highest common divisor of v and 26?
26
Let b be (-3)/5*2*161/(6440/(-1632800)). Calculate the highest common divisor of b and 78.
78
Suppose 3*g + 805 = h, -82*h + 77*h - g = -4089. Calculate the greatest common factor of 43 and h.
43
Let s(j) = -62*j + 1449. Let a be s(-57). Calculate the greatest common divisor of a and 3.
3
Let w(k) = k**3 + 51*k**2 - 55*k + 666. Let d be w(-50). What is the highest common factor of d and 85?
17
Let f = 919 - 1289. Let a = f + 377. Calculate the highest common factor of a and 133.
7
Let h = 6561 - 6547. What is the highest common divisor of 2282 and h?
14
Let c(z) = -z**2 - 7*z - 3. Let w = 384 - 390. Let f be c(w). Suppose 0 = 3*m + 3*s + 6, s + 35 = 5*m - 3*s. What is the greatest common divisor of f and m?
3
Let m(g) = -g**3 + 10*g**2 - 8*g - 7. Let r be m(8). Let f = 895 + -889. What is the greatest common factor of r and f?
3
Suppose 22*n - 32*n + 22400 = 90*n. Calculate the greatest common divisor of n and 1708.
28
Suppose -647*r - 2*f + 13340 = -644*r, 0 = 4*r - 4*f - 17820. Calculate the highest common factor of r and 1958.
178
Let t = -2495 - -2704. What is the greatest common factor of 110 and t?
11
Let g(w) = -2*w - 36. Let y be g(-24). Let x be 6 + y/6 + -7. Calculate the greatest common factor of 41 and x.
1
Suppose -4*x + 16 = -2*x + 2*a, 5*x + a = 20. Let v be 21 - (4 - (6 + x)). What is the highest common factor of 65 and v?
13
Let t be (7 + -6)*-55*(16 + -19). Calculate the highest common factor of 5640 and t.
15
Let n be ((-8)/(192/54))/((-1)/160). Suppose 18*x = 15*x + n. Calculate the highest common factor of 180 and x.
60
Let l = 269923 - 269823. Let x(q) = 12*q**2 + 4*q. Let m be x(3). Calculate the greatest common divisor of m and l.
20
Let p = 2 + -2. Suppose p*g = -3*g + 51. Suppose -101*n = 125*n - 62*n - 30668. What is the greatest common divisor of n and g?
17
Let h = 4 + 0. Let w(v) = -24*v - 193. Let n be w(-9). Suppose -3*g = h*x - n, -3*g - 2*x + 25 = -0*x. What is the greatest common factor of g and 18?
9
Let b be 9/(-15)*-5 - 2. Let j(p) = p**3 + 12*p**2 - 19*p - 29. Let c be j(-13). Calculate the highest common divisor of b and c.
1
Let v = -3361 - -3598. What is the highest common factor of 24 and v?
3
Let o be (-2)/(-11) - (-1074)/22. Suppose 8*y - 1816 = 2496. What is the highest common factor of y and o?
49
Let v = 7 - 15. Let p be 23 + (v*(-3)/6 - 3). What is the highest common factor of 16 and p?
8
Let a(b) = 91*b**2 + 6. Let s be a(-3). Suppose g = 12*g + s. Let y = g - -84. What is the greatest common divisor of 81 and y?
9
Suppose -5*h - 989 = 2*k, -2*k - 2*h - h = 979. Let c = k - -857. What is the highest common divisor of 15 and c?
15
Let z(p) = -5*p**3 - 2*p - 2. Let i be z(-1). Let o(y) = 3*y + 105. Let c be o(i). What is the highest common factor of c and 72?
24
Suppose 702 = -6*u + 924. Suppose u*k = 24*k + 650. Calculate the greatest common factor of 110 and k.
10
Let y be -7 + (-10 - -11) + 106. What is the greatest common factor of 2500 and y?
100
Let f = 377 - 276. Let k = -87 + f. Calculate the highest common factor of k and 14.
14
Suppose 0 = -o - 4*y + 32, y = -o + 3*y + 38. Calculate the highest common factor of o and 660.
12
Suppose 8*x - 9*x = 23*x - 10224. What is the highest common divisor of 1988 and x?
142
Let q = -4215 - -4511. Let r be 3/(-12) - (-66)/8. What is the greatest common divisor of q and r?
8
Let q(k) = -2*k**3 + 19*k**2 + 5*k - 42. Let o be q(6). Calculate the highest common factor of o and 1470.
30
Let j = 11 - 7. Suppose 5*n - 400 = -j*x + 92, 276 = 3*n - 4*x. Let z be (-29)/(-1) - -4 - 1. What is the greatest common factor of z and n?
32
Let k(y) = 4*y + 24. Let j be k(2). Suppose 0 = -5*s + 37 - j. Let l be (4 + s - 7)/(4/(-22)).